{"id":1198,"date":"2024-05-28T18:13:09","date_gmt":"2024-05-28T16:13:09","guid":{"rendered":"https:\/\/www.boutique.genealogiemagazine.com\/?post_type=product&#038;p=1198"},"modified":"2024-05-28T18:13:17","modified_gmt":"2024-05-28T16:13:17","slug":"genealogie-magazine-n-099-novembre-1991","status":"publish","type":"product","link":"https:\/\/www.boutique.genealogiemagazine.com\/produit\/genealogie-magazine-n-099-novembre-1991\/","title":{"rendered":"G\u00e9n\u00e9alogie Magazine n\u00b0 099 &#8211; novembre 1991"},"content":{"rendered":"<p>Le mirage californien. Compagnons et corporations. Nos patronymes dis-paraissent-ils ? (II). Jocelyne George : Messieurs les Maires. La famille De Dietrich. Patrick Lef\u00e8vre-Utile, \u00ab\u00a0LU\u00a0\u00bb, une marque c\u00e9l\u00e8bre de \u00ab\u00a0petit beurre\u00a0\u00bb. De la livre tournois au franc B\u00e9r\u00e9govoy. Ench\u00e8res et g\u00e9n\u00e9alogie.<\/p><div id=\"anniv-1160024443\" class=\"anniv-contenu anniv-entity-placement\"><script async src=\"\/\/pagead2.googlesyndication.com\/pagead\/js\/adsbygoogle.js?client=ca-pub-8639961027790050\" crossorigin=\"anonymous\"><\/script><ins class=\"adsbygoogle\" style=\"display:block;\" data-ad-client=\"ca-pub-8639961027790050\" \ndata-ad-slot=\"5451536801\" \ndata-ad-format=\"auto\"><\/ins>\n<script> \n(adsbygoogle = window.adsbygoogle || []).push({}); \n<\/script>\n<\/div>\n<div id=\"anniv-3795748951\" class=\"anniv-apres anniv-entity-placement\"><script async src=\"\/\/pagead2.googlesyndication.com\/pagead\/js\/adsbygoogle.js?client=ca-pub-8639961027790050\" crossorigin=\"anonymous\"><\/script><ins class=\"adsbygoogle\" style=\"display:block;\" data-ad-client=\"ca-pub-8639961027790050\" \ndata-ad-slot=\"5451536801\" \ndata-ad-format=\"auto\"><\/ins>\n<script> \n(adsbygoogle = window.adsbygoogle || []).push({}); \n<\/script>\n<\/div>","protected":false},"excerpt":{"rendered":"<p>Le mirage californien. Compagnons et corporations. Nos patronymes dis-paraissent-ils ? (II). Jocelyne George : Messieurs les Maires. La famille De Dietrich. Patrick Lef\u00e8vre-Utile, \u00ab\u00a0LU\u00a0\u00bb, une marque c\u00e9l\u00e8bre de \u00ab\u00a0petit beurre\u00a0\u00bb. De la livre tournois au franc B\u00e9r\u00e9govoy. Ench\u00e8res et g\u00e9n\u00e9alogie.<\/p>\n","protected":false},"featured_media":1228,"comment_status":"open","ping_status":"closed","template":"","meta":[],"product_brand":[],"product_cat":[767],"product_tag":[562,563],"class_list":{"0":"post-1198","1":"product","2":"type-product","3":"status-publish","4":"has-post-thumbnail","6":"product_cat-genealogie-magazine-version-numerique","7":"product_tag-de-dietrich","8":"product_tag-patrick-lefevre-utile","10":"first","11":"instock","12":"downloadable","13":"virtual","14":"purchasable","15":"product-type-simple"},"_links":{"self":[{"href":"https:\/\/www.boutique.genealogiemagazine.com\/wp-json\/wp\/v2\/product\/1198","targetHints":{"allow":["GET"]}}],"collection":[{"href":"https:\/\/www.boutique.genealogiemagazine.com\/wp-json\/wp\/v2\/product"}],"about":[{"href":"https:\/\/www.boutique.genealogiemagazine.com\/wp-json\/wp\/v2\/types\/product"}],"replies":[{"embeddable":true,"href":"https:\/\/www.boutique.genealogiemagazine.com\/wp-json\/wp\/v2\/comments?post=1198"}],"wp:featuredmedia":[{"embeddable":true,"href":"https:\/\/www.boutique.genealogiemagazine.com\/wp-json\/wp\/v2\/media\/1228"}],"wp:attachment":[{"href":"https:\/\/www.boutique.genealogiemagazine.com\/wp-json\/wp\/v2\/media?parent=1198"}],"wp:term":[{"taxonomy":"product_brand","embeddable":true,"href":"https:\/\/www.boutique.genealogiemagazine.com\/wp-json\/wp\/v2\/product_brand?post=1198"},{"taxonomy":"product_cat","embeddable":true,"href":"https:\/\/www.boutique.genealogiemagazine.com\/wp-json\/wp\/v2\/product_cat?post=1198"},{"taxonomy":"product_tag","embeddable":true,"href":"https:\/\/www.boutique.genealogiemagazine.com\/wp-json\/wp\/v2\/product_tag?post=1198"}],"curies":[{"name":"wp","href":"https:\/\/api.w.org\/{rel}","templated":true}]}}