{"id":1293,"date":"2024-05-28T18:13:50","date_gmt":"2024-05-28T16:13:50","guid":{"rendered":"https:\/\/www.boutique.genealogiemagazine.com\/?post_type=product&#038;p=1293"},"modified":"2024-05-28T18:13:55","modified_gmt":"2024-05-28T16:13:55","slug":"genealogie-magazine-n-108-septembre-1992","status":"publish","type":"product","link":"https:\/\/www.boutique.genealogiemagazine.com\/produit\/genealogie-magazine-n-108-septembre-1992\/","title":{"rendered":"G\u00e9n\u00e9alogie Magazine n\u00b0 108 &#8211; septembre 1992"},"content":{"rendered":"<p>Prisonnier en Russie en 1813-1814. Les champs de la mobilit\u00e9 sociale : \u00e0 propos d&rsquo;une dynastie de fermiers. Les changeurs, p\u00e9r\u00e9grinations d&rsquo;un m\u00e9tier. Georges Clemenceau. Les Clemenceau avant Georges. Un anc\u00eatre de Gaston Gallimard. Fiscalit\u00e9 d&rsquo;hier et d&rsquo;aujourd&rsquo;hui (II). Le laboureur<\/p><div id=\"anniv-655605888\" class=\"anniv-contenu anniv-entity-placement\"><script async src=\"\/\/pagead2.googlesyndication.com\/pagead\/js\/adsbygoogle.js?client=ca-pub-8639961027790050\" crossorigin=\"anonymous\"><\/script><ins class=\"adsbygoogle\" style=\"display:block;\" data-ad-client=\"ca-pub-8639961027790050\" \ndata-ad-slot=\"5451536801\" \ndata-ad-format=\"auto\"><\/ins>\n<script> \n(adsbygoogle = window.adsbygoogle || []).push({}); \n<\/script>\n<\/div>\n<div id=\"anniv-3044051695\" class=\"anniv-apres anniv-entity-placement\"><script async src=\"\/\/pagead2.googlesyndication.com\/pagead\/js\/adsbygoogle.js?client=ca-pub-8639961027790050\" crossorigin=\"anonymous\"><\/script><ins class=\"adsbygoogle\" style=\"display:block;\" data-ad-client=\"ca-pub-8639961027790050\" \ndata-ad-slot=\"5451536801\" \ndata-ad-format=\"auto\"><\/ins>\n<script> \n(adsbygoogle = window.adsbygoogle || []).push({}); \n<\/script>\n<\/div>","protected":false},"excerpt":{"rendered":"<p>Prisonnier en Russie en 1813-1814. Les champs de la mobilit\u00e9 sociale : \u00e0 propos d&rsquo;une dynastie de fermiers. Les changeurs, p\u00e9r\u00e9grinations d&rsquo;un m\u00e9tier. Georges Clemenceau. Les Clemenceau avant Georges. Un anc\u00eatre de Gaston Gallimard. Fiscalit\u00e9 d&rsquo;hier et d&rsquo;aujourd&rsquo;hui (II). Le laboureur<\/p>\n","protected":false},"featured_media":1323,"comment_status":"open","ping_status":"closed","template":"","meta":[],"product_brand":[],"product_cat":[767],"product_tag":[639],"class_list":{"0":"post-1293","1":"product","2":"type-product","3":"status-publish","4":"has-post-thumbnail","6":"product_cat-genealogie-magazine-version-numerique","7":"product_tag-georges-clemenceau","9":"first","10":"instock","11":"downloadable","12":"virtual","13":"purchasable","14":"product-type-simple"},"_links":{"self":[{"href":"https:\/\/www.boutique.genealogiemagazine.com\/wp-json\/wp\/v2\/product\/1293","targetHints":{"allow":["GET"]}}],"collection":[{"href":"https:\/\/www.boutique.genealogiemagazine.com\/wp-json\/wp\/v2\/product"}],"about":[{"href":"https:\/\/www.boutique.genealogiemagazine.com\/wp-json\/wp\/v2\/types\/product"}],"replies":[{"embeddable":true,"href":"https:\/\/www.boutique.genealogiemagazine.com\/wp-json\/wp\/v2\/comments?post=1293"}],"wp:featuredmedia":[{"embeddable":true,"href":"https:\/\/www.boutique.genealogiemagazine.com\/wp-json\/wp\/v2\/media\/1323"}],"wp:attachment":[{"href":"https:\/\/www.boutique.genealogiemagazine.com\/wp-json\/wp\/v2\/media?parent=1293"}],"wp:term":[{"taxonomy":"product_brand","embeddable":true,"href":"https:\/\/www.boutique.genealogiemagazine.com\/wp-json\/wp\/v2\/product_brand?post=1293"},{"taxonomy":"product_cat","embeddable":true,"href":"https:\/\/www.boutique.genealogiemagazine.com\/wp-json\/wp\/v2\/product_cat?post=1293"},{"taxonomy":"product_tag","embeddable":true,"href":"https:\/\/www.boutique.genealogiemagazine.com\/wp-json\/wp\/v2\/product_tag?post=1293"}],"curies":[{"name":"wp","href":"https:\/\/api.w.org\/{rel}","templated":true}]}}

Généalogie Magazine n° 108 &#8211; septembre 1992

<p>Prisonnier en Russie en 1813-1814. Les champs de la mobilité sociale : à propos d&rsquo;une dynastie de fermiers. Les changeurs, pérégrinations d&rsquo;un métier. Georges Clemenceau. Les Clemenceau avant Georges. Un ancêtre de Gaston Gallimard. Fiscalité d&rsquo;hier et d&rsquo;aujourd&rsquo;hui (II). Le laboureur</p><div id="anniv-655605888" class="anniv-contenu anniv-entity-placement"><script async src="//pagead2.googlesyndication.com/pagead/js/adsbygoogle.js?client=ca-pub-8639961027790050" crossorigin="anonymous"></script><ins class="adsbygoogle" style="display:block;" data-ad-client="ca-pub-8639961027790050" 
data-ad-slot="5451536801" 
data-ad-format="auto"></ins>
<script> 
(adsbygoogle = window.adsbygoogle || []).push({}); 
</script>
</div>
<div id="anniv-3044051695" class="anniv-apres anniv-entity-placement"><script async src="//pagead2.googlesyndication.com/pagead/js/adsbygoogle.js?client=ca-pub-8639961027790050" crossorigin="anonymous"></script><ins class="adsbygoogle" style="display:block;" data-ad-client="ca-pub-8639961027790050" 
data-ad-slot="5451536801" 
data-ad-format="auto"></ins>
<script> 
(adsbygoogle = window.adsbygoogle || []).push({}); 
</script>
</div>

<p>Prisonnier en Russie en 1813-1814. Les champs de la mobilité sociale : à propos d&rsquo;une dynastie de fermiers. Les changeurs, pérégrinations d&rsquo;un métier. Georges Clemenceau. Les Clemenceau avant Georges. Un ancêtre de Gaston Gallimard. Fiscalité d&rsquo;hier et d&rsquo;aujourd&rsquo;hui (II). Le laboureur</p>
