{"id":1803,"date":"2024-07-11T18:35:17","date_gmt":"2024-07-11T16:35:17","guid":{"rendered":"https:\/\/www.boutique.genealogiemagazine.com\/?post_type=product&#038;p=1803"},"modified":"2024-07-11T18:35:53","modified_gmt":"2024-07-11T16:35:53","slug":"genealogie-magazine-n-397-398-version-papier","status":"publish","type":"product","link":"https:\/\/www.boutique.genealogiemagazine.com\/index.php\/produit\/genealogie-magazine-n-397-398-version-papier\/","title":{"rendered":"G\u00e9n\u00e9alogie Magazine N\u00b0 397-398 \u2013 Version papier"},"content":{"rendered":"<div class=\"_3d-flip-book  fb3d-fullscreen-mode full-size\" data-id=\"2639\" data-mode=\"fullscreen\" data-title=\"false\" data-template=\"short-white-book-view\" data-lightbox=\"dark-shadow\" data-urlparam=\"fb3d-page\" data-page-n=\"0\" data-pdf=\"\" data-tax=\"null\" data-thumbnail=\"\" data-cols=\"3\" data-book-template=\"default\" data-trigger=\"\"><\/div><script type=\"text\/javascript\">window.FB3D_CLIENT_DATA = window.FB3D_CLIENT_DATA || [];FB3D_CLIENT_DATA.push('eyJwb3N0cyI6W10sInBhZ2VzIjpbXSwiZmlyc3RQYWdlcyI6W119');window.FB3D_CLIENT_LOCALE && FB3D_CLIENT_LOCALE.render && FB3D_CLIENT_LOCALE.render();<\/script>\n<p>Actualit\u00e9s<br \/>\nAssociations<br \/>\nEntraide et abonnement<br \/>\nDossier<br \/>\nLa gloire de nos anc\u00eatres<br \/>\npar Christian Friedrich<br \/>\nHommage Personnalit\u00e9s<br \/>\nJean-Pierre Pernaut<br \/>\nLuc Montagnier<br \/>\nAlain Krivine<br \/>\nMichel Bouquet<br \/>\npar Mathieu Delaunay<br \/>\nHistoire<br \/>\nMoli\u00e8re Un \u00ab inconnu \u00bb Illustre ?<br \/>\npar Gilles Henry<br \/>\nCatalogue du g\u00e9n\u00e9alogiste 2022<br \/>\nPersonnalit\u00e9s<br \/>\nPascal L\u00e9gitimus<br \/>\npar Mathieu Delaunay<br \/>\nInterview<br \/>\nViolaine Vanoyeke<br \/>\nToutankhamon d\u00e9couverte de sa tombe en 1922<br \/>\npar Gilles Pr\u00e9vost<br \/>\nSaga<br \/>\nLa famille Hilton<br \/>\npar Mathieu Delaunay<br \/>\nM\u00e9tiers<br \/>\nLes Chirurgiens<br \/>\npar Patrick Vigneron<br \/>\nEn librairie<br \/>\nLes Professionnels<\/p><div id=\"anniv-1695972051\" class=\"anniv-contenu anniv-entity-placement\"><script async src=\"\/\/pagead2.googlesyndication.com\/pagead\/js\/adsbygoogle.js?client=ca-pub-8639961027790050\" crossorigin=\"anonymous\"><\/script><ins class=\"adsbygoogle\" style=\"display:block;\" data-ad-client=\"ca-pub-8639961027790050\" \ndata-ad-slot=\"5451536801\" \ndata-ad-format=\"auto\"><\/ins>\n<script> \n(adsbygoogle = window.adsbygoogle || []).push({}); \n<\/script>\n<\/div>\n<div id=\"anniv-3019696758\" class=\"anniv-apres anniv-entity-placement\"><script async src=\"\/\/pagead2.googlesyndication.com\/pagead\/js\/adsbygoogle.js?client=ca-pub-8639961027790050\" crossorigin=\"anonymous\"><\/script><ins class=\"adsbygoogle\" style=\"display:block;\" data-ad-client=\"ca-pub-8639961027790050\" \ndata-ad-slot=\"5451536801\" \ndata-ad-format=\"auto\"><\/ins>\n<script> \n(adsbygoogle = window.adsbygoogle || []).push({}); \n<\/script>\n<\/div>","protected":false},"excerpt":{"rendered":"<p>Dossier La gloire de nos anc\u00eatres, Hommage Personnalit\u00e9s Jean-Pierre Pernaut, Luc Montagnier,\u00a0 Alain Krivine et Michel Bouquet, Histoire Moli\u00e8re Un \u00ab inconnu \u00bb Illustre ?, Personnalit\u00e9s Pascal L\u00e9gitimus, Interview Violaine Vanoyeke La famille Hilton, M\u00e9tiers Les Chirurgiens, etc..<\/p>\n","protected":false},"featured_media":1396,"comment_status":"open","ping_status":"closed","template":"","meta":[],"product_brand":[],"product_cat":[42],"product_tag":[703,360,704,705,706,707,708,709,710,711,405],"class_list":{"0":"post-1803","1":"product","2":"type-product","3":"status-publish","4":"has-post-thumbnail","6":"product_cat-genealogie-magazine-version-papier","7":"product_tag-alain-krivine","8":"product_tag-jean-pierre-pernaut","9":"product_tag-la-famille-hilton","10":"product_tag-la-gloire-de-nos-ancetres","11":"product_tag-les-chirurgiens","12":"product_tag-luc-montagnier","13":"product_tag-michel-bouquet","14":"product_tag-moliere","15":"product_tag-pascal-legitimus","16":"product_tag-toutankhamon","17":"product_tag-violaine-vanoyeke","19":"first","20":"instock","21":"shipping-taxable","22":"purchasable","23":"product-type-simple"},"_links":{"self":[{"href":"https:\/\/www.boutique.genealogiemagazine.com\/index.php\/wp-json\/wp\/v2\/product\/1803","targetHints":{"allow":["GET"]}}],"collection":[{"href":"https:\/\/www.boutique.genealogiemagazine.com\/index.php\/wp-json\/wp\/v2\/product"}],"about":[{"href":"https:\/\/www.boutique.genealogiemagazine.com\/index.php\/wp-json\/wp\/v2\/types\/product"}],"replies":[{"embeddable":true,"href":"https:\/\/www.boutique.genealogiemagazine.com\/index.php\/wp-json\/wp\/v2\/comments?post=1803"}],"wp:featuredmedia":[{"embeddable":true,"href":"https:\/\/www.boutique.genealogiemagazine.com\/index.php\/wp-json\/wp\/v2\/media\/1396"}],"wp:attachment":[{"href":"https:\/\/www.boutique.genealogiemagazine.com\/index.php\/wp-json\/wp\/v2\/media?parent=1803"}],"wp:term":[{"taxonomy":"product_brand","embeddable":true,"href":"https:\/\/www.boutique.genealogiemagazine.com\/index.php\/wp-json\/wp\/v2\/product_brand?post=1803"},{"taxonomy":"product_cat","embeddable":true,"href":"https:\/\/www.boutique.genealogiemagazine.com\/index.php\/wp-json\/wp\/v2\/product_cat?post=1803"},{"taxonomy":"product_tag","embeddable":true,"href":"https:\/\/www.boutique.genealogiemagazine.com\/index.php\/wp-json\/wp\/v2\/product_tag?post=1803"}],"curies":[{"name":"wp","href":"https:\/\/api.w.org\/{rel}","templated":true}]}}