{"id":1896,"date":"2024-12-02T12:23:52","date_gmt":"2024-12-02T11:23:52","guid":{"rendered":"https:\/\/www.boutique.genealogiemagazine.com\/?post_type=product&#038;p=1896"},"modified":"2024-12-02T12:23:53","modified_gmt":"2024-12-02T11:23:53","slug":"genealogie-magazine-n-408","status":"publish","type":"product","link":"https:\/\/www.boutique.genealogiemagazine.com\/produit\/genealogie-magazine-n-408\/","title":{"rendered":"G\u00e9n\u00e9alogie Magazine N\u00b0 408"},"content":{"rendered":"<p style=\"font-weight: 400;\">Actualit\u00e9s<\/p><div id=\"anniv-3038481565\" class=\"anniv-contenu anniv-entity-placement\"><script async src=\"\/\/pagead2.googlesyndication.com\/pagead\/js\/adsbygoogle.js?client=ca-pub-8639961027790050\" crossorigin=\"anonymous\"><\/script><ins class=\"adsbygoogle\" style=\"display:block;\" data-ad-client=\"ca-pub-8639961027790050\" \ndata-ad-slot=\"5451536801\" \ndata-ad-format=\"auto\"><\/ins>\n<script> \n(adsbygoogle = window.adsbygoogle || []).push({}); \n<\/script>\n<\/div>\n<p style=\"font-weight: 400;\">Associations<\/p>\n<p style=\"font-weight: 400;\">Entraide et abonnement<\/p>\n<p style=\"font-weight: 400;\">Dossier<\/p>\n<p style=\"font-weight: 400;\">Les ordres coloniaux fran\u00e7ais<\/p>\n<p style=\"font-weight: 400;\">par Christian Friedrich<\/p>\n<p style=\"font-weight: 400;\">Personnalit\u00e9s<\/p>\n<p style=\"font-weight: 400;\">Michel Barnier<\/p>\n<p style=\"font-weight: 400;\">par Mathieu Delaunay<\/p>\n<p style=\"font-weight: 400;\">Hommage Personnalit\u00e9s<\/p>\n<p style=\"font-weight: 400;\">Patrice Laffont<\/p>\n<p style=\"font-weight: 400;\">Alain Delon<\/p>\n<p style=\"font-weight: 400;\">Michel Blanc<\/p>\n<p style=\"font-weight: 400;\">Catalogue du G\u00e9n\u00e9alogiste 2025<\/p>\n<p style=\"font-weight: 400;\">Pierre Vernier<\/p>\n<p style=\"font-weight: 400;\">Elodie Constantin<\/p>\n<p style=\"font-weight: 400;\">par Mathieu Delaunay<\/p>\n<p style=\"font-weight: 400;\">Actualit\u00e9 USA<\/p>\n<p style=\"font-weight: 400;\">G\u00e9n\u00e9alogie \u00e0 la maison blanche<\/p>\n<p style=\"font-weight: 400;\">par Mathieu Delaunay<\/p>\n<p style=\"font-weight: 400;\">Logiciel<\/p>\n<p style=\"font-weight: 400;\">G\u00e9n\u00e9atique 2025<\/p>\n<p style=\"font-weight: 400;\">par Gilles Pr\u00e9vost<\/p>\n<p style=\"font-weight: 400;\">Les Cousins de la Marquise<\/p>\n<p style=\"font-weight: 400;\">Fran\u00e7ois Briau<\/p>\n<p style=\"font-weight: 400;\">par l\u2019association \u00abLes Cousins de la Marquise\u00bb<\/p>\n<p style=\"font-weight: 400;\">Histoire<\/p>\n<p style=\"font-weight: 400;\">Qui \u00e9tait Jean Garthausen, dit Lallemand, tonnelier, valet de chambre et Bourgeois de Paris ?<\/p>\n<p style=\"font-weight: 400;\">(1659 \u2013 1737)<\/p>\n<p style=\"font-weight: 400;\">par Gilles Henry<\/p>\n<p style=\"font-weight: 400;\">Nous sommes tous cousins<\/p>\n<p style=\"font-weight: 400;\">Cousinade entre Bruno Retailleau et Philippe Katerine<\/p>\n<p style=\"font-weight: 400;\">Cousinade entre Denise Favre et David Ginola<\/p>\n<p style=\"font-weight: 400;\">Saga<\/p>\n<p style=\"font-weight: 400;\">La famille Hatier<\/p>\n<p style=\"font-weight: 400;\">par Mathieu Delaunay<\/p>\n<p style=\"font-weight: 400;\">en librairie<\/p>\n<div id=\"anniv-329427629\" class=\"anniv-apres anniv-entity-placement\"><script async src=\"\/\/pagead2.googlesyndication.com\/pagead\/js\/adsbygoogle.js?client=ca-pub-8639961027790050\" crossorigin=\"anonymous\"><\/script><ins class=\"adsbygoogle\" style=\"display:block;\" data-ad-client=\"ca-pub-8639961027790050\" \ndata-ad-slot=\"5451536801\" \ndata-ad-format=\"auto\"><\/ins>\n<script> \n(adsbygoogle = window.adsbygoogle || []).push({}); \n<\/script>\n<\/div>","protected":false},"excerpt":{"rendered":"<p>Dossier Les ordres coloniaux fran\u00e7ais,\u00a0 g\u00e9n\u00e9alogies Michel Barnier, Patrice Laffont, Alain Delon, Michel Blanc, Pierre Vernier, Elodie Constantin, Logiciel G\u00e9n\u00e9atique 2025, Les Cousins de la Marquise, etc..<\/p>\n","protected":false},"featured_media":1897,"comment_status":"open","ping_status":"closed","template":"","meta":[],"product_brand":[],"product_cat":[42],"product_tag":[921,928,929,924,925,926,930,927,918,919,922,920,923],"class_list":{"0":"post-1896","1":"product","2":"type-product","3":"status-publish","4":"has-post-thumbnail","6":"product_cat-genealogie-magazine-version-papier","7":"product_tag-alain-delon","8":"product_tag-cousinade-entre-bruno-retailleau-et-philippe-katerine","9":"product_tag-cousinade-entre-denise-favre-et-david-ginola","10":"product_tag-elodie-constantin","11":"product_tag-genealogie-a-la-maison-blanche","12":"product_tag-geneatique-2025","13":"product_tag-la-famille-hatier","14":"product_tag-les-cousins-de-la-marquise","15":"product_tag-les-ordres-coloniaux-francais","16":"product_tag-michel-barnier","17":"product_tag-michel-blanc","18":"product_tag-patrice-laffont","19":"product_tag-pierre-vernier","21":"first","22":"instock","23":"shipping-taxable","24":"purchasable","25":"product-type-simple"},"_links":{"self":[{"href":"https:\/\/www.boutique.genealogiemagazine.com\/wp-json\/wp\/v2\/product\/1896","targetHints":{"allow":["GET"]}}],"collection":[{"href":"https:\/\/www.boutique.genealogiemagazine.com\/wp-json\/wp\/v2\/product"}],"about":[{"href":"https:\/\/www.boutique.genealogiemagazine.com\/wp-json\/wp\/v2\/types\/product"}],"replies":[{"embeddable":true,"href":"https:\/\/www.boutique.genealogiemagazine.com\/wp-json\/wp\/v2\/comments?post=1896"}],"wp:featuredmedia":[{"embeddable":true,"href":"https:\/\/www.boutique.genealogiemagazine.com\/wp-json\/wp\/v2\/media\/1897"}],"wp:attachment":[{"href":"https:\/\/www.boutique.genealogiemagazine.com\/wp-json\/wp\/v2\/media?parent=1896"}],"wp:term":[{"taxonomy":"product_brand","embeddable":true,"href":"https:\/\/www.boutique.genealogiemagazine.com\/wp-json\/wp\/v2\/product_brand?post=1896"},{"taxonomy":"product_cat","embeddable":true,"href":"https:\/\/www.boutique.genealogiemagazine.com\/wp-json\/wp\/v2\/product_cat?post=1896"},{"taxonomy":"product_tag","embeddable":true,"href":"https:\/\/www.boutique.genealogiemagazine.com\/wp-json\/wp\/v2\/product_tag?post=1896"}],"curies":[{"name":"wp","href":"https:\/\/api.w.org\/{rel}","templated":true}]}}

Généalogie Magazine N° 408

<p style="font-weight: 400;">Actualités</p><div id="anniv-3038481565" class="anniv-contenu anniv-entity-placement"><script async src="//pagead2.googlesyndication.com/pagead/js/adsbygoogle.js?client=ca-pub-8639961027790050" crossorigin="anonymous"></script><ins class="adsbygoogle" style="display:block;" data-ad-client="ca-pub-8639961027790050" 
data-ad-slot="5451536801" 
data-ad-format="auto"></ins>
<script> 
(adsbygoogle = window.adsbygoogle || []).push({}); 
</script>
</div>
<p style="font-weight: 400;">Associations</p>
<p style="font-weight: 400;">Entraide et abonnement</p>
<p style="font-weight: 400;">Dossier</p>
<p style="font-weight: 400;">Les ordres coloniaux français</p>
<p style="font-weight: 400;">par Christian Friedrich</p>
<p style="font-weight: 400;">Personnalités</p>
<p style="font-weight: 400;">Michel Barnier</p>
<p style="font-weight: 400;">par Mathieu Delaunay</p>
<p style="font-weight: 400;">Hommage Personnalités</p>
<p style="font-weight: 400;">Patrice Laffont</p>
<p style="font-weight: 400;">Alain Delon</p>
<p style="font-weight: 400;">Michel Blanc</p>
<p style="font-weight: 400;">Catalogue du Généalogiste 2025</p>
<p style="font-weight: 400;">Pierre Vernier</p>
<p style="font-weight: 400;">Elodie Constantin</p>
<p style="font-weight: 400;">par Mathieu Delaunay</p>
<p style="font-weight: 400;">Actualité USA</p>
<p style="font-weight: 400;">Généalogie à la maison blanche</p>
<p style="font-weight: 400;">par Mathieu Delaunay</p>
<p style="font-weight: 400;">Logiciel</p>
<p style="font-weight: 400;">Généatique 2025</p>
<p style="font-weight: 400;">par Gilles Prévost</p>
<p style="font-weight: 400;">Les Cousins de la Marquise</p>
<p style="font-weight: 400;">François Briau</p>
<p style="font-weight: 400;">par l’association «Les Cousins de la Marquise»</p>
<p style="font-weight: 400;">Histoire</p>
<p style="font-weight: 400;">Qui était Jean Garthausen, dit Lallemand, tonnelier, valet de chambre et Bourgeois de Paris ?</p>
<p style="font-weight: 400;">(1659 – 1737)</p>
<p style="font-weight: 400;">par Gilles Henry</p>
<p style="font-weight: 400;">Nous sommes tous cousins</p>
<p style="font-weight: 400;">Cousinade entre Bruno Retailleau et Philippe Katerine</p>
<p style="font-weight: 400;">Cousinade entre Denise Favre et David Ginola</p>
<p style="font-weight: 400;">Saga</p>
<p style="font-weight: 400;">La famille Hatier</p>
<p style="font-weight: 400;">par Mathieu Delaunay</p>
<p style="font-weight: 400;">en librairie</p>
<div id="anniv-329427629" class="anniv-apres anniv-entity-placement"><script async src="//pagead2.googlesyndication.com/pagead/js/adsbygoogle.js?client=ca-pub-8639961027790050" crossorigin="anonymous"></script><ins class="adsbygoogle" style="display:block;" data-ad-client="ca-pub-8639961027790050" 
data-ad-slot="5451536801" 
data-ad-format="auto"></ins>
<script> 
(adsbygoogle = window.adsbygoogle || []).push({}); 
</script>
</div>

<p>Dossier Les ordres coloniaux français,  généalogies Michel Barnier, Patrice Laffont, Alain Delon, Michel Blanc, Pierre Vernier, Elodie Constantin, Logiciel Généatique 2025, Les Cousins de la Marquise, etc..</p>
