{"id":296,"date":"2022-06-22T19:28:50","date_gmt":"2022-06-22T17:28:50","guid":{"rendered":"https:\/\/www.anniversaire-genealogie-magazine.editions-christian.com\/?post_type=product&#038;p=296"},"modified":"2024-09-06T19:32:16","modified_gmt":"2024-09-06T17:32:16","slug":"genealogie-magazine-n-342-343","status":"publish","type":"product","link":"https:\/\/www.boutique.genealogiemagazine.com\/produit\/genealogie-magazine-n-342-343\/","title":{"rendered":"G\u00e9n\u00e9alogie Magazine N\u00b0 342-343"},"content":{"rendered":"<p><strong>Actualit\u00e9s<\/strong><br \/>\n<strong>Courrier des lecteurs<\/strong><br \/>\n<strong>Associations<\/strong><br \/>\nEntraide et abonnement<br \/>\n<strong>Dossier Aux sources de vos origines<\/strong><br \/>\nL\u2019ordonnance de Villers-Cotter\u00eats<br \/>\nLes archives de la police<br \/>\n<strong>Logiciel<\/strong><br \/>\nFamily Tree Builder<br \/>\npar Gilles Pr\u00e9vost<br \/>\n<strong>Histoire<\/strong><br \/>\nVivre \u00e0 Paris en 1865<br \/>\npar Philippe de Montjouvent<br \/>\n<strong>Portait d\u2019une entreprise<\/strong><br \/>\nNotreFamille.com<br \/>\nCatalogue du g\u00e9n\u00e9alogiste 2015 2i\u00e8me partie<br \/>\n<strong>Saga<\/strong><br \/>\nLes Bordeau-Chesnel<br \/>\npar Luc Antonini<br \/>\n<strong>Internet<\/strong><br \/>\nSouvenir de la Grande Guerre<br \/>\npar Gilles Pr\u00e9vost<br \/>\n<strong>Association<\/strong><br \/>\nCercle g\u00e9n\u00e9alogique de Picardie<br \/>\n<strong>Personnalit\u00e9s<\/strong><br \/>\nNathalie Baye<br \/>\npar Luc Antonini<br \/>\n<strong>M\u00e9tiers<\/strong><br \/>\nLe Cordonnier<br \/>\npar Patrick Vigneron<br \/>\n<strong>H\u00e9raldique<\/strong><br \/>\nL\u2019ascendance armori\u00e9e de Felipe VI d\u2019Espagne<br \/>\npar Arnaud Bunel<br \/>\n<strong>Feuille du d\u00e9butant<\/strong><br \/>\npar Francis Christian<br \/>\n<strong>Le magazine des r\u00e9gions et les questions des lecteurs<\/strong><br \/>\n<strong>Les Professionnels<\/strong><\/p><div id=\"anniv-3509579311\" class=\"anniv-contenu anniv-entity-placement\"><script async src=\"\/\/pagead2.googlesyndication.com\/pagead\/js\/adsbygoogle.js?client=ca-pub-8639961027790050\" crossorigin=\"anonymous\"><\/script><ins class=\"adsbygoogle\" style=\"display:block;\" data-ad-client=\"ca-pub-8639961027790050\" \ndata-ad-slot=\"5451536801\" \ndata-ad-format=\"auto\"><\/ins>\n<script> \n(adsbygoogle = window.adsbygoogle || []).push({}); \n<\/script>\n<\/div>\n<div id=\"anniv-1537090522\" class=\"anniv-apres anniv-entity-placement\"><script async src=\"\/\/pagead2.googlesyndication.com\/pagead\/js\/adsbygoogle.js?client=ca-pub-8639961027790050\" crossorigin=\"anonymous\"><\/script><ins class=\"adsbygoogle\" style=\"display:block;\" data-ad-client=\"ca-pub-8639961027790050\" \ndata-ad-slot=\"5451536801\" \ndata-ad-format=\"auto\"><\/ins>\n<script> \n(adsbygoogle = window.adsbygoogle || []).push({}); \n<\/script>\n<\/div>","protected":false},"excerpt":{"rendered":"<p>Dossier Aux sources de vos origines, Les Bordeau-Chesnel, Nathalie Baye, L\u2019ascendance armori\u00e9e de Felipe VI d\u2019Espagne<\/p>\n","protected":false},"featured_media":297,"comment_status":"open","ping_status":"closed","template":"","meta":[],"product_brand":[],"product_cat":[42],"product_tag":[48,51,47,50,49],"class_list":{"0":"post-296","1":"product","2":"type-product","3":"status-publish","4":"has-post-thumbnail","6":"product_cat-genealogie-magazine-version-papier","7":"product_tag-bordeau-chesnel","8":"product_tag-cordonnier","9":"product_tag-family-tree-builder","10":"product_tag-felipe-vi-despagne","11":"product_tag-nathalie-baye","12":"product_shipping_class-revue","14":"first","15":"instock","16":"shipping-taxable","17":"purchasable","18":"product-type-simple"},"_links":{"self":[{"href":"https:\/\/www.boutique.genealogiemagazine.com\/wp-json\/wp\/v2\/product\/296","targetHints":{"allow":["GET"]}}],"collection":[{"href":"https:\/\/www.boutique.genealogiemagazine.com\/wp-json\/wp\/v2\/product"}],"about":[{"href":"https:\/\/www.boutique.genealogiemagazine.com\/wp-json\/wp\/v2\/types\/product"}],"replies":[{"embeddable":true,"href":"https:\/\/www.boutique.genealogiemagazine.com\/wp-json\/wp\/v2\/comments?post=296"}],"wp:featuredmedia":[{"embeddable":true,"href":"https:\/\/www.boutique.genealogiemagazine.com\/wp-json\/wp\/v2\/media\/297"}],"wp:attachment":[{"href":"https:\/\/www.boutique.genealogiemagazine.com\/wp-json\/wp\/v2\/media?parent=296"}],"wp:term":[{"taxonomy":"product_brand","embeddable":true,"href":"https:\/\/www.boutique.genealogiemagazine.com\/wp-json\/wp\/v2\/product_brand?post=296"},{"taxonomy":"product_cat","embeddable":true,"href":"https:\/\/www.boutique.genealogiemagazine.com\/wp-json\/wp\/v2\/product_cat?post=296"},{"taxonomy":"product_tag","embeddable":true,"href":"https:\/\/www.boutique.genealogiemagazine.com\/wp-json\/wp\/v2\/product_tag?post=296"}],"curies":[{"name":"wp","href":"https:\/\/api.w.org\/{rel}","templated":true}]}}

Généalogie Magazine N° 342-343

<p><strong>Actualités</strong><br />
<strong>Courrier des lecteurs</strong><br />
<strong>Associations</strong><br />
Entraide et abonnement<br />
<strong>Dossier Aux sources de vos origines</strong><br />
L’ordonnance de Villers-Cotterêts<br />
Les archives de la police<br />
<strong>Logiciel</strong><br />
Family Tree Builder<br />
par Gilles Prévost<br />
<strong>Histoire</strong><br />
Vivre à Paris en 1865<br />
par Philippe de Montjouvent<br />
<strong>Portait d’une entreprise</strong><br />
NotreFamille.com<br />
Catalogue du généalogiste 2015 2ième partie<br />
<strong>Saga</strong><br />
Les Bordeau-Chesnel<br />
par Luc Antonini<br />
<strong>Internet</strong><br />
Souvenir de la Grande Guerre<br />
par Gilles Prévost<br />
<strong>Association</strong><br />
Cercle généalogique de Picardie<br />
<strong>Personnalités</strong><br />
Nathalie Baye<br />
par Luc Antonini<br />
<strong>Métiers</strong><br />
Le Cordonnier<br />
par Patrick Vigneron<br />
<strong>Héraldique</strong><br />
L’ascendance armoriée de Felipe VI d’Espagne<br />
par Arnaud Bunel<br />
<strong>Feuille du débutant</strong><br />
par Francis Christian<br />
<strong>Le magazine des régions et les questions des lecteurs</strong><br />
<strong>Les Professionnels</strong></p><div id="anniv-3509579311" class="anniv-contenu anniv-entity-placement"><script async src="//pagead2.googlesyndication.com/pagead/js/adsbygoogle.js?client=ca-pub-8639961027790050" crossorigin="anonymous"></script><ins class="adsbygoogle" style="display:block;" data-ad-client="ca-pub-8639961027790050" 
data-ad-slot="5451536801" 
data-ad-format="auto"></ins>
<script> 
(adsbygoogle = window.adsbygoogle || []).push({}); 
</script>
</div>
<div id="anniv-1537090522" class="anniv-apres anniv-entity-placement"><script async src="//pagead2.googlesyndication.com/pagead/js/adsbygoogle.js?client=ca-pub-8639961027790050" crossorigin="anonymous"></script><ins class="adsbygoogle" style="display:block;" data-ad-client="ca-pub-8639961027790050" 
data-ad-slot="5451536801" 
data-ad-format="auto"></ins>
<script> 
(adsbygoogle = window.adsbygoogle || []).push({}); 
</script>
</div>

<p>Dossier Aux sources de vos origines, Les Bordeau-Chesnel, Nathalie Baye, L’ascendance armoriée de Felipe VI d’Espagne</p>
