{"id":373,"date":"2023-01-11T10:18:55","date_gmt":"2023-01-11T09:18:55","guid":{"rendered":"https:\/\/www.soldes-d-hiver-genealogie-magazine.editions-christian.com\/?post_type=product&#038;p=373"},"modified":"2025-11-05T20:38:44","modified_gmt":"2025-11-05T19:38:44","slug":"detective-de-lhistoire-1ere-edition-1992","status":"publish","type":"product","link":"https:\/\/www.boutique.genealogiemagazine.com\/index.php\/produit\/detective-de-lhistoire-1ere-edition-1992\/","title":{"rendered":"D\u00e9tective de l&rsquo;histoire 1\u00e8re \u00e9dition 1992"},"content":{"rendered":"<p>Saviez vous que Charlie Chaplin croyait descendre d&rsquo;un peintre fran\u00e7ais ? Que le grand-p\u00e8re d&rsquo;Alexandre Dumas \u00e9tait n\u00e9grier &#8230; \u00e0 Monte Cristo ? Que Flaubert se donnait une ascendance Peau-Rouge et Victor Hugo une lign\u00e9e plus brillante que son anc\u00eatre holandais et fossoyeur ?<\/p><div id=\"anniv-1764768833\" class=\"anniv-contenu anniv-entity-placement\"><script async src=\"\/\/pagead2.googlesyndication.com\/pagead\/js\/adsbygoogle.js?client=ca-pub-8639961027790050\" crossorigin=\"anonymous\"><\/script><ins class=\"adsbygoogle\" style=\"display:block;\" data-ad-client=\"ca-pub-8639961027790050\" \ndata-ad-slot=\"5451536801\" \ndata-ad-format=\"auto\"><\/ins>\n<script> \n(adsbygoogle = window.adsbygoogle || []).push({}); \n<\/script>\n<\/div>\n<p>Connaissiez vous la belle anc\u00eatre irlandaise du G\u00e9n\u00e9ral De Gaulle, le p\u00e8re allemand de Cartouche , l&rsquo;a\u00efeule alg\u00e9rienne d&rsquo;Edith Piaf, le grand p\u00e8re r\u00e9volutionnaire d&rsquo;Arthur Rimbaud ou cette El\u00e9onore myst\u00e9rieuse qui permet \u00e0 Fran\u00e7ois Mitterand de cousiner avec les rois d&rsquo;Europe ? &#8230;.<\/p>\n<div id=\"anniv-1889054805\" class=\"anniv-apres anniv-entity-placement\"><script async src=\"\/\/pagead2.googlesyndication.com\/pagead\/js\/adsbygoogle.js?client=ca-pub-8639961027790050\" crossorigin=\"anonymous\"><\/script><ins class=\"adsbygoogle\" style=\"display:block;\" data-ad-client=\"ca-pub-8639961027790050\" \ndata-ad-slot=\"5451536801\" \ndata-ad-format=\"auto\"><\/ins>\n<script> \n(adsbygoogle = window.adsbygoogle || []).push({}); \n<\/script>\n<\/div>","protected":false},"excerpt":{"rendered":"<p>Saviez vous que Charlie Chaplin croyait descendre d&rsquo;un peintre fran\u00e7ais ? Que le grand-p\u00e8re d&rsquo;Alexandre Dumas \u00e9tait n\u00e9grier &#8230; \u00e0 Monte Cristo ? Que Flaubert se donnait une ascendance Peau-Rouge et Victor Hugo une lign\u00e9e plus brillante que son anc\u00eatre holandais et fossoyeur ?<\/p>\n","protected":false},"featured_media":374,"comment_status":"open","ping_status":"closed","template":"","meta":[],"product_brand":[],"product_cat":[771],"product_tag":[84,83],"class_list":{"0":"post-373","1":"product","2":"type-product","3":"status-publish","4":"has-post-thumbnail","6":"product_cat-promotions","7":"product_tag-detective-de-lhistoire","8":"product_tag-gilles-henry","10":"first","11":"instock","12":"sale","13":"shipping-taxable","14":"purchasable","15":"product-type-simple"},"_links":{"self":[{"href":"https:\/\/www.boutique.genealogiemagazine.com\/index.php\/wp-json\/wp\/v2\/product\/373","targetHints":{"allow":["GET"]}}],"collection":[{"href":"https:\/\/www.boutique.genealogiemagazine.com\/index.php\/wp-json\/wp\/v2\/product"}],"about":[{"href":"https:\/\/www.boutique.genealogiemagazine.com\/index.php\/wp-json\/wp\/v2\/types\/product"}],"replies":[{"embeddable":true,"href":"https:\/\/www.boutique.genealogiemagazine.com\/index.php\/wp-json\/wp\/v2\/comments?post=373"}],"wp:featuredmedia":[{"embeddable":true,"href":"https:\/\/www.boutique.genealogiemagazine.com\/index.php\/wp-json\/wp\/v2\/media\/374"}],"wp:attachment":[{"href":"https:\/\/www.boutique.genealogiemagazine.com\/index.php\/wp-json\/wp\/v2\/media?parent=373"}],"wp:term":[{"taxonomy":"product_brand","embeddable":true,"href":"https:\/\/www.boutique.genealogiemagazine.com\/index.php\/wp-json\/wp\/v2\/product_brand?post=373"},{"taxonomy":"product_cat","embeddable":true,"href":"https:\/\/www.boutique.genealogiemagazine.com\/index.php\/wp-json\/wp\/v2\/product_cat?post=373"},{"taxonomy":"product_tag","embeddable":true,"href":"https:\/\/www.boutique.genealogiemagazine.com\/index.php\/wp-json\/wp\/v2\/product_tag?post=373"}],"curies":[{"name":"wp","href":"https:\/\/api.w.org\/{rel}","templated":true}]}}