{"id":814,"date":"2024-05-28T18:10:39","date_gmt":"2024-05-28T16:10:39","guid":{"rendered":"https:\/\/www.boutique.genealogiemagazine.com\/?post_type=product&#038;p=814"},"modified":"2024-05-29T11:49:52","modified_gmt":"2024-05-29T09:49:52","slug":"les-dossiers-de-ge-magazine-n-1-ces-paysans-nos-ancetres","status":"publish","type":"product","link":"https:\/\/www.boutique.genealogiemagazine.com\/produit\/les-dossiers-de-ge-magazine-n-1-ces-paysans-nos-ancetres\/","title":{"rendered":"Les dossiers de g\u00e9-magazine N\u00b0 1 : Ces paysans nos anc\u00eatres"},"content":{"rendered":"<p>Le choix des pr\u00e9noms autrefois, L&rsquo;\u00e9pop\u00e9e d&rsquo;une famille terrienne, Laboureurs ou gentlemen-farmers,\u00a0 Les communaut\u00e9s familiales agricoles, Quand nos anc\u00eatres payaient la taille, Le grand Hiver de 1709, La m\u00e9moire familiale.<\/p><div id=\"anniv-595483842\" class=\"anniv-contenu anniv-entity-placement\"><script async src=\"\/\/pagead2.googlesyndication.com\/pagead\/js\/adsbygoogle.js?client=ca-pub-8639961027790050\" crossorigin=\"anonymous\"><\/script><ins class=\"adsbygoogle\" style=\"display:block;\" data-ad-client=\"ca-pub-8639961027790050\" \ndata-ad-slot=\"5451536801\" \ndata-ad-format=\"auto\"><\/ins>\n<script> \n(adsbygoogle = window.adsbygoogle || []).push({}); \n<\/script>\n<\/div>\n<div id=\"anniv-3112810582\" class=\"anniv-apres anniv-entity-placement\"><script async src=\"\/\/pagead2.googlesyndication.com\/pagead\/js\/adsbygoogle.js?client=ca-pub-8639961027790050\" crossorigin=\"anonymous\"><\/script><ins class=\"adsbygoogle\" style=\"display:block;\" data-ad-client=\"ca-pub-8639961027790050\" \ndata-ad-slot=\"5451536801\" \ndata-ad-format=\"auto\"><\/ins>\n<script> \n(adsbygoogle = window.adsbygoogle || []).push({}); \n<\/script>\n<\/div>","protected":false},"excerpt":{"rendered":"<p>Le choix des pr\u00e9noms autrefois, L&rsquo;\u00e9pop\u00e9e d&rsquo;une famille terrienne, Laboureurs ou gentlemen-farmers,\u00a0 Les communaut\u00e9s familiales agricoles, Quand nos anc\u00eatres payaient la taille, Le grand Hiver de 1709, La m\u00e9moire familiale.<\/p>\n","protected":false},"featured_media":575,"comment_status":"open","ping_status":"closed","template":"","meta":[],"product_brand":[],"product_cat":[768],"product_tag":[140,141],"class_list":{"0":"post-814","1":"product","2":"type-product","3":"status-publish","4":"has-post-thumbnail","6":"product_cat-les-dossiers-de-genealogie-magazine","7":"product_tag-metiers","8":"product_tag-paysans","10":"first","11":"instock","12":"downloadable","13":"virtual","14":"purchasable","15":"product-type-simple"},"_links":{"self":[{"href":"https:\/\/www.boutique.genealogiemagazine.com\/wp-json\/wp\/v2\/product\/814","targetHints":{"allow":["GET"]}}],"collection":[{"href":"https:\/\/www.boutique.genealogiemagazine.com\/wp-json\/wp\/v2\/product"}],"about":[{"href":"https:\/\/www.boutique.genealogiemagazine.com\/wp-json\/wp\/v2\/types\/product"}],"replies":[{"embeddable":true,"href":"https:\/\/www.boutique.genealogiemagazine.com\/wp-json\/wp\/v2\/comments?post=814"}],"wp:featuredmedia":[{"embeddable":true,"href":"https:\/\/www.boutique.genealogiemagazine.com\/wp-json\/wp\/v2\/media\/575"}],"wp:attachment":[{"href":"https:\/\/www.boutique.genealogiemagazine.com\/wp-json\/wp\/v2\/media?parent=814"}],"wp:term":[{"taxonomy":"product_brand","embeddable":true,"href":"https:\/\/www.boutique.genealogiemagazine.com\/wp-json\/wp\/v2\/product_brand?post=814"},{"taxonomy":"product_cat","embeddable":true,"href":"https:\/\/www.boutique.genealogiemagazine.com\/wp-json\/wp\/v2\/product_cat?post=814"},{"taxonomy":"product_tag","embeddable":true,"href":"https:\/\/www.boutique.genealogiemagazine.com\/wp-json\/wp\/v2\/product_tag?post=814"}],"curies":[{"name":"wp","href":"https:\/\/api.w.org\/{rel}","templated":true}]}}

Les dossiers de gé-magazine N° 1 : Ces paysans nos ancêtres

<p>Le choix des prénoms autrefois, L&rsquo;épopée d&rsquo;une famille terrienne, Laboureurs ou gentlemen-farmers,  Les communautés familiales agricoles, Quand nos ancêtres payaient la taille, Le grand Hiver de 1709, La mémoire familiale.</p><div id="anniv-595483842" class="anniv-contenu anniv-entity-placement"><script async src="//pagead2.googlesyndication.com/pagead/js/adsbygoogle.js?client=ca-pub-8639961027790050" crossorigin="anonymous"></script><ins class="adsbygoogle" style="display:block;" data-ad-client="ca-pub-8639961027790050" 
data-ad-slot="5451536801" 
data-ad-format="auto"></ins>
<script> 
(adsbygoogle = window.adsbygoogle || []).push({}); 
</script>
</div>
<div id="anniv-3112810582" class="anniv-apres anniv-entity-placement"><script async src="//pagead2.googlesyndication.com/pagead/js/adsbygoogle.js?client=ca-pub-8639961027790050" crossorigin="anonymous"></script><ins class="adsbygoogle" style="display:block;" data-ad-client="ca-pub-8639961027790050" 
data-ad-slot="5451536801" 
data-ad-format="auto"></ins>
<script> 
(adsbygoogle = window.adsbygoogle || []).push({}); 
</script>
</div>

<p>Le choix des prénoms autrefois, L&rsquo;épopée d&rsquo;une famille terrienne, Laboureurs ou gentlemen-farmers,  Les communautés familiales agricoles, Quand nos ancêtres payaient la taille, Le grand Hiver de 1709, La mémoire familiale.</p>
