{"id":819,"date":"2024-05-28T18:10:39","date_gmt":"2024-05-28T16:10:39","guid":{"rendered":"https:\/\/www.boutique.genealogiemagazine.com\/?post_type=product&#038;p=819"},"modified":"2024-05-28T18:10:44","modified_gmt":"2024-05-28T16:10:44","slug":"genealogie-magazine-n-379","status":"publish","type":"product","link":"https:\/\/www.boutique.genealogiemagazine.com\/index.php\/produit\/genealogie-magazine-n-379\/","title":{"rendered":"G\u00e9n\u00e9alogie Magazine n\u00b0 379"},"content":{"rendered":"<p><span style=\"color: #000000; font-family: Calibri;\">Retrouver un anc\u00eatre aviateur, g\u00e9n\u00e9alogies de Mimie Mathy, An\u00e9mone et de Jean-Pierre Marielle, Saga Les de la Panouse, etc..<\/span><\/p><div id=\"anniv-721329214\" class=\"anniv-contenu anniv-entity-placement\"><script async src=\"\/\/pagead2.googlesyndication.com\/pagead\/js\/adsbygoogle.js?client=ca-pub-8639961027790050\" crossorigin=\"anonymous\"><\/script><ins class=\"adsbygoogle\" style=\"display:block;\" data-ad-client=\"ca-pub-8639961027790050\" \ndata-ad-slot=\"5451536801\" \ndata-ad-format=\"auto\"><\/ins>\n<script> \n(adsbygoogle = window.adsbygoogle || []).push({}); \n<\/script>\n<\/div>\n<p>&nbsp;<\/p>\n<div id=\"anniv-167888579\" class=\"anniv-apres anniv-entity-placement\"><script async src=\"\/\/pagead2.googlesyndication.com\/pagead\/js\/adsbygoogle.js?client=ca-pub-8639961027790050\" crossorigin=\"anonymous\"><\/script><ins class=\"adsbygoogle\" style=\"display:block;\" data-ad-client=\"ca-pub-8639961027790050\" \ndata-ad-slot=\"5451536801\" \ndata-ad-format=\"auto\"><\/ins>\n<script> \n(adsbygoogle = window.adsbygoogle || []).push({}); \n<\/script>\n<\/div>","protected":false},"excerpt":{"rendered":"<p><span style=\"color: #000000; font-family: Calibri;\">Actualit\u00e9s<br \/>\nAssociations<br \/>\nEntraide et abonnement<br \/>\nDossier<br \/>\nRetrouver un anc\u00eatre aviateur<br \/>\npar christian Friedrich<br \/>\nPersonnalit\u00e9s<br \/>\nMimie Mathy<br \/>\npar Luc Antonini<br \/>\nLogiciel<br \/>\nG\u00e9n\u00e9atique 2020<br \/>\npar Gilles Pr\u00e9vost<br \/>\nNouveaut\u00e9s 2019<br \/>\nEnigme G\u00e9n\u00e9alogique<br \/>\nL\u2019enigme du mois d\u2019ao\u00fbt<br \/>\npar Gilles Amiel<br \/>\nAssociation<br \/>\nCentre g\u00e9n\u00e9alogique de l\u2019ouest<br \/>\npar Anne Grandjouan<br \/>\nHommage Personnalit\u00e9s<br \/>\nAn\u00e9mone<br \/>\njean-Pierre Marielle<br \/>\npar Luc Antonini<br \/>\nSaga<br \/>\nLes de La Panouse et le Parc zoologique de Thoiry<br \/>\npar Luc Antonini<br \/>\nM\u00e9tiers<br \/>\nLe Porteur d\u2019eau<br \/>\npar Patrick Vigneron<br \/>\nEn librairie<br \/>\nLes Professionnels<\/span><\/p>\n","protected":false},"featured_media":580,"comment_status":"open","ping_status":"closed","template":"","meta":[],"product_brand":[],"product_cat":[767],"product_tag":[160,161,162,163],"class_list":{"0":"post-819","1":"product","2":"type-product","3":"status-publish","4":"has-post-thumbnail","6":"product_cat-genealogie-magazine-version-numerique","7":"product_tag-anemone","8":"product_tag-de-la-panouse","9":"product_tag-jean-pierre-marielle","10":"product_tag-mimie-mathy","12":"first","13":"instock","14":"downloadable","15":"virtual","16":"purchasable","17":"product-type-simple"},"_links":{"self":[{"href":"https:\/\/www.boutique.genealogiemagazine.com\/index.php\/wp-json\/wp\/v2\/product\/819","targetHints":{"allow":["GET"]}}],"collection":[{"href":"https:\/\/www.boutique.genealogiemagazine.com\/index.php\/wp-json\/wp\/v2\/product"}],"about":[{"href":"https:\/\/www.boutique.genealogiemagazine.com\/index.php\/wp-json\/wp\/v2\/types\/product"}],"replies":[{"embeddable":true,"href":"https:\/\/www.boutique.genealogiemagazine.com\/index.php\/wp-json\/wp\/v2\/comments?post=819"}],"wp:featuredmedia":[{"embeddable":true,"href":"https:\/\/www.boutique.genealogiemagazine.com\/index.php\/wp-json\/wp\/v2\/media\/580"}],"wp:attachment":[{"href":"https:\/\/www.boutique.genealogiemagazine.com\/index.php\/wp-json\/wp\/v2\/media?parent=819"}],"wp:term":[{"taxonomy":"product_brand","embeddable":true,"href":"https:\/\/www.boutique.genealogiemagazine.com\/index.php\/wp-json\/wp\/v2\/product_brand?post=819"},{"taxonomy":"product_cat","embeddable":true,"href":"https:\/\/www.boutique.genealogiemagazine.com\/index.php\/wp-json\/wp\/v2\/product_cat?post=819"},{"taxonomy":"product_tag","embeddable":true,"href":"https:\/\/www.boutique.genealogiemagazine.com\/index.php\/wp-json\/wp\/v2\/product_tag?post=819"}],"curies":[{"name":"wp","href":"https:\/\/api.w.org\/{rel}","templated":true}]}}