{"id":828,"date":"2024-05-28T18:10:40","date_gmt":"2024-05-28T16:10:40","guid":{"rendered":"https:\/\/www.boutique.genealogiemagazine.com\/?post_type=product&#038;p=828"},"modified":"2024-05-28T18:10:46","modified_gmt":"2024-05-28T16:10:46","slug":"genealogie-magazine-n-289","status":"publish","type":"product","link":"https:\/\/www.boutique.genealogiemagazine.com\/produit\/genealogie-magazine-n-289\/","title":{"rendered":"G\u00e9n\u00e9alogie Magazine n\u00b0 289"},"content":{"rendered":"<div id=\"idTab1\">\n<p><strong>\u00c9ditorial <\/strong><\/p><div id=\"anniv-3092590783\" class=\"anniv-contenu anniv-entity-placement\"><script async src=\"\/\/pagead2.googlesyndication.com\/pagead\/js\/adsbygoogle.js?client=ca-pub-8639961027790050\" crossorigin=\"anonymous\"><\/script><ins class=\"adsbygoogle\" style=\"display:block;\" data-ad-client=\"ca-pub-8639961027790050\" \ndata-ad-slot=\"5451536801\" \ndata-ad-format=\"auto\"><\/ins>\n<script> \n(adsbygoogle = window.adsbygoogle || []).push({}); \n<\/script>\n<\/div>\n<p><strong>Actualit\u00e9, g\u00e9n\u00e9alogie et patrimoine : <\/strong><\/p>\n<p><strong>Personnalit\u00e9s : <\/strong>Brigitte Bardot, une ic\u00f4ne nationale<\/p>\n<p><em>par Luc Antonini<\/em><\/p>\n<p><strong>DOSSIER :<\/strong><\/p>\n<p>Travailler autrefois. 1- les villes<\/p>\n<p><em>par Francis Christian<\/em><\/p>\n<p><strong>Outils d&rsquo;histoire : <\/strong>Bell&rsquo;Italia<\/p>\n<p><em>par Philippe de Montjouvent<\/em><\/p>\n<p><strong>G\u00e9n\u00e9alogie et litt\u00e9rature : <\/strong>Jack Kerouac, le Breton<\/p>\n<p><em>par Francis Christian<\/em><\/p>\n<p><strong>G\u00e9n\u00e9alogie et histoire : <\/strong>la duchesse de Berry<\/p>\n<p>au palais Vendramin<\/p>\n<p><em>par Philippe de Montjouvent<\/em><\/p>\n<p><strong>Pal\u00e9ographie : <\/strong>le testament de M.-C. Zamet (5e partie)<\/p>\n<p><em>par St\u00e9phane Cosson<\/em><\/p>\n<p><strong>Sagas familiales : <\/strong>les Bancalis, grande famille du Rouergue<\/p>\n<p><em>par Luc Antonini<\/em><\/p>\n<p><strong>H\u00e9raldique : <\/strong>armorial des provinces historiques de France (1)<\/p>\n<p><em>par Arnaud Bunel<\/em><\/p>\n<p><strong>Faire parler les documents : <\/strong>les m\u00e9daill\u00e9s de Sainte-H\u00e9l\u00e8ne<\/p>\n<p><em>par J\u00e9r\u00f4me Malhache<\/em><\/p>\n<p><strong>Logiciel : <\/strong>Family Tree Builder<\/p>\n<p><em>par Gilles Pr\u00e9vost<\/em><\/p>\n<p><strong>Les lectures de Gilles Henry <\/strong><\/p>\n<p><em>par Gilles Henry<\/em><\/p>\n<p><strong>Internet : <\/strong>le d\u00e9partement des Landes (40) en ligne<\/p>\n<p><em>par Gilles Pr\u00e9vost<\/em><\/p>\n<p><strong>Le magazine des r\u00e9gions <\/strong><\/p>\n<p><strong>La fiche du d\u00e9butant : <\/strong>Les familles issues des terres<\/p>\n<p>d&rsquo;Outre-Mer<\/p>\n<p><strong>Les Professionnels <\/strong><\/p>\n<\/div>\n<div id=\"anniv-3717932613\" class=\"anniv-apres anniv-entity-placement\"><script async src=\"\/\/pagead2.googlesyndication.com\/pagead\/js\/adsbygoogle.js?client=ca-pub-8639961027790050\" crossorigin=\"anonymous\"><\/script><ins class=\"adsbygoogle\" style=\"display:block;\" data-ad-client=\"ca-pub-8639961027790050\" \ndata-ad-slot=\"5451536801\" \ndata-ad-format=\"auto\"><\/ins>\n<script> \n(adsbygoogle = window.adsbygoogle || []).push({}); \n<\/script>\n<\/div>","protected":false},"excerpt":{"rendered":"<p>Brigitte Bardot, une ic\u00f4ne nationale par Luc Antonini, Travailler autrefois. 1- les villes par Francis Christian, Jack Kerouac, le Breton par Francis Christian<\/p>\n","protected":false},"featured_media":603,"comment_status":"open","ping_status":"closed","template":"","meta":[],"product_brand":[],"product_cat":[767],"product_tag":[192,193],"class_list":{"0":"post-828","1":"product","2":"type-product","3":"status-publish","4":"has-post-thumbnail","6":"product_cat-genealogie-magazine-version-numerique","7":"product_tag-bancalis","8":"product_tag-brigitte-bardot","10":"first","11":"instock","12":"downloadable","13":"virtual","14":"purchasable","15":"product-type-simple"},"_links":{"self":[{"href":"https:\/\/www.boutique.genealogiemagazine.com\/wp-json\/wp\/v2\/product\/828","targetHints":{"allow":["GET"]}}],"collection":[{"href":"https:\/\/www.boutique.genealogiemagazine.com\/wp-json\/wp\/v2\/product"}],"about":[{"href":"https:\/\/www.boutique.genealogiemagazine.com\/wp-json\/wp\/v2\/types\/product"}],"replies":[{"embeddable":true,"href":"https:\/\/www.boutique.genealogiemagazine.com\/wp-json\/wp\/v2\/comments?post=828"}],"wp:featuredmedia":[{"embeddable":true,"href":"https:\/\/www.boutique.genealogiemagazine.com\/wp-json\/wp\/v2\/media\/603"}],"wp:attachment":[{"href":"https:\/\/www.boutique.genealogiemagazine.com\/wp-json\/wp\/v2\/media?parent=828"}],"wp:term":[{"taxonomy":"product_brand","embeddable":true,"href":"https:\/\/www.boutique.genealogiemagazine.com\/wp-json\/wp\/v2\/product_brand?post=828"},{"taxonomy":"product_cat","embeddable":true,"href":"https:\/\/www.boutique.genealogiemagazine.com\/wp-json\/wp\/v2\/product_cat?post=828"},{"taxonomy":"product_tag","embeddable":true,"href":"https:\/\/www.boutique.genealogiemagazine.com\/wp-json\/wp\/v2\/product_tag?post=828"}],"curies":[{"name":"wp","href":"https:\/\/api.w.org\/{rel}","templated":true}]}}