{"id":907,"date":"2024-05-28T18:11:14","date_gmt":"2024-05-28T16:11:14","guid":{"rendered":"https:\/\/www.boutique.genealogiemagazine.com\/?post_type=product&#038;p=907"},"modified":"2025-11-26T16:38:29","modified_gmt":"2025-11-26T15:38:29","slug":"comment-debuter-sa-genealogie","status":"publish","type":"product","link":"https:\/\/www.boutique.genealogiemagazine.com\/produit\/comment-debuter-sa-genealogie\/","title":{"rendered":"Comment d\u00e9buter sa g\u00e9n\u00e9alogie"},"content":{"rendered":"<p>Des papiers de famille \u00e0 l\u2019utilisation d\u2019Internet, tout ce qu\u2019il faut savoir pour bien d\u00e9marrer sa g\u00e9n\u00e9alogie. Un passe-temps qui deviendra vite une passion.\u2008 Et cet \u00e9t\u00e9 ou pendant le confinement, pourquoi ne pas profiter des vacances pour se lancer?<\/p><div id=\"anniv-3268850463\" class=\"anniv-contenu anniv-entity-placement\"><script async src=\"\/\/pagead2.googlesyndication.com\/pagead\/js\/adsbygoogle.js?client=ca-pub-8639961027790050\" crossorigin=\"anonymous\"><\/script><ins class=\"adsbygoogle\" style=\"display:block;\" data-ad-client=\"ca-pub-8639961027790050\" \ndata-ad-slot=\"5451536801\" \ndata-ad-format=\"auto\"><\/ins>\n<script> \n(adsbygoogle = window.adsbygoogle || []).push({}); \n<\/script>\n<\/div>\n<p>&nbsp;<\/p>\n<p>Contrairement \u00e0 une id\u00e9e re\u00e7ue, entreprendre sa g\u00e9n\u00e9alogie n\u2019est pas si difficile que cela. \u00c9crire aux mairies pour obtenir les photocopies des premiers actes, puis se rendre aux archives d\u00e9partementales afin de consulter les registres de l\u2019\u00e9tat civil et les registres paroissiaux devient vite un jeu d\u2019enfant avec un peu de pratique. Le passage aux autres s\u00e9ries \u2013 et notamment aux archives notariales \u2013 se fait ensuite naturellement.<\/p>\n<p>Pour en arriver l\u00e0, il faut n\u00e9anmoins poss\u00e9der quelques bases indispensables. C\u2019est \u00e0 celles-ci qu\u2019est consacr\u00e9 ce livre.<\/p>\n<p>&nbsp;<\/p>\n<p>Francis Christian, directeur de publication de G\u00e9n\u00e9alogie Magazine, dirige les \u00e9ditions Christian sp\u00e9cialis\u00e9es en histoire et en g\u00e9n\u00e9alogie.<\/p>\n<div id=\"anniv-405919779\" class=\"anniv-apres anniv-entity-placement\"><script async src=\"\/\/pagead2.googlesyndication.com\/pagead\/js\/adsbygoogle.js?client=ca-pub-8639961027790050\" crossorigin=\"anonymous\"><\/script><ins class=\"adsbygoogle\" style=\"display:block;\" data-ad-client=\"ca-pub-8639961027790050\" \ndata-ad-slot=\"5451536801\" \ndata-ad-format=\"auto\"><\/ins>\n<script> \n(adsbygoogle = window.adsbygoogle || []).push({}); \n<\/script>\n<\/div>","protected":false},"excerpt":{"rendered":"<p>Des papiers de famille \u00e0 l\u2019utilisation d\u2019Internet, tout ce qu\u2019il faut savoir pour bien d\u00e9marrer sa g\u00e9n\u00e9alogie. Un passe-temps qui deviendra vite une passion.\u2008 Et cet \u00e9t\u00e9 ou pendant le confinement, pourquoi ne pas profiter des vacances pour se lancer?<\/p>\n","protected":false},"featured_media":746,"comment_status":"open","ping_status":"closed","template":"","meta":[],"product_brand":[],"product_cat":[371],"product_tag":[372,375,146,376],"class_list":{"0":"post-907","1":"product","2":"type-product","3":"status-publish","4":"has-post-thumbnail","6":"product_cat-livres-et-magazines-gratuits","7":"product_tag-confinement","8":"product_tag-guide-de-genealogie","9":"product_tag-guide-de-recherche","10":"product_tag-internet","12":"first","13":"instock","14":"sale","15":"downloadable","16":"virtual","17":"purchasable","18":"product-type-simple"},"_links":{"self":[{"href":"https:\/\/www.boutique.genealogiemagazine.com\/wp-json\/wp\/v2\/product\/907","targetHints":{"allow":["GET"]}}],"collection":[{"href":"https:\/\/www.boutique.genealogiemagazine.com\/wp-json\/wp\/v2\/product"}],"about":[{"href":"https:\/\/www.boutique.genealogiemagazine.com\/wp-json\/wp\/v2\/types\/product"}],"replies":[{"embeddable":true,"href":"https:\/\/www.boutique.genealogiemagazine.com\/wp-json\/wp\/v2\/comments?post=907"}],"wp:featuredmedia":[{"embeddable":true,"href":"https:\/\/www.boutique.genealogiemagazine.com\/wp-json\/wp\/v2\/media\/746"}],"wp:attachment":[{"href":"https:\/\/www.boutique.genealogiemagazine.com\/wp-json\/wp\/v2\/media?parent=907"}],"wp:term":[{"taxonomy":"product_brand","embeddable":true,"href":"https:\/\/www.boutique.genealogiemagazine.com\/wp-json\/wp\/v2\/product_brand?post=907"},{"taxonomy":"product_cat","embeddable":true,"href":"https:\/\/www.boutique.genealogiemagazine.com\/wp-json\/wp\/v2\/product_cat?post=907"},{"taxonomy":"product_tag","embeddable":true,"href":"https:\/\/www.boutique.genealogiemagazine.com\/wp-json\/wp\/v2\/product_tag?post=907"}],"curies":[{"name":"wp","href":"https:\/\/api.w.org\/{rel}","templated":true}]}}