{"id":918,"date":"2024-05-28T18:11:15","date_gmt":"2024-05-28T16:11:15","guid":{"rendered":"https:\/\/www.boutique.genealogiemagazine.com\/?post_type=product&#038;p=918"},"modified":"2024-05-28T18:11:20","modified_gmt":"2024-05-28T16:11:20","slug":"genealogie-magazine-n-365-366","status":"publish","type":"product","link":"https:\/\/www.boutique.genealogiemagazine.com\/produit\/genealogie-magazine-n-365-366\/","title":{"rendered":"G\u00e9n\u00e9alogie Magazine n\u00b0 365-366"},"content":{"rendered":"<p>Actualit\u00e9s<br \/>\nAssociations<br \/>\nEntraide et abonnement<br \/>\nDossier<br \/>\n450 sites pour votre g\u00e9n\u00e9alogie<br \/>\npar Gilles Pr\u00e9vost<br \/>\nHistoire<br \/>\nLe cr\u00e2ne du chevalier Bayard<br \/>\npar Jean Christophe<br \/>\nParisot de Bayard<br \/>\nPersonnalit\u00e9s<br \/>\nEdouard Philippe<br \/>\npar Luc Antonini<br \/>\nHommage Personnalit\u00e9s<br \/>\nFrance Gall<br \/>\nDanielle Darieux<br \/>\npar Luc Antonini<br \/>\nSaga<br \/>\nLa famille Saurin<br \/>\npar Luc Antonini<br \/>\nM\u00e9tiers<br \/>\nLes scieurs de long<br \/>\npar Patrick Vigneron<br \/>\nLes Professionnels<\/p><div id=\"anniv-4253042945\" class=\"anniv-contenu anniv-entity-placement\"><script async src=\"\/\/pagead2.googlesyndication.com\/pagead\/js\/adsbygoogle.js?client=ca-pub-8639961027790050\" crossorigin=\"anonymous\"><\/script><ins class=\"adsbygoogle\" style=\"display:block;\" data-ad-client=\"ca-pub-8639961027790050\" \ndata-ad-slot=\"5451536801\" \ndata-ad-format=\"auto\"><\/ins>\n<script> \n(adsbygoogle = window.adsbygoogle || []).push({}); \n<\/script>\n<\/div>\n<p>&nbsp;<\/p>\n<div id=\"anniv-2338773364\" class=\"anniv-apres anniv-entity-placement\"><script async src=\"\/\/pagead2.googlesyndication.com\/pagead\/js\/adsbygoogle.js?client=ca-pub-8639961027790050\" crossorigin=\"anonymous\"><\/script><ins class=\"adsbygoogle\" style=\"display:block;\" data-ad-client=\"ca-pub-8639961027790050\" \ndata-ad-slot=\"5451536801\" \ndata-ad-format=\"auto\"><\/ins>\n<script> \n(adsbygoogle = window.adsbygoogle || []).push({}); \n<\/script>\n<\/div>","protected":false},"excerpt":{"rendered":"<p>Dossier 450 sites pour votre g\u00e9n\u00e9alogie, g\u00e9n\u00e9alogies d&rsquo;Edouard Philippe, France Gall et de Danielle Darieux, Saga La famille Saurin, etc..<\/p>\n","protected":false},"featured_media":778,"comment_status":"open","ping_status":"closed","template":"","meta":[],"product_brand":[],"product_cat":[767],"product_tag":[408,409,410,279,411],"class_list":{"0":"post-918","1":"product","2":"type-product","3":"status-publish","4":"has-post-thumbnail","6":"product_cat-genealogie-magazine-version-numerique","7":"product_tag-chevalier-bayard","8":"product_tag-danielle-darieux","9":"product_tag-edouard-philippe","10":"product_tag-france-gall","11":"product_tag-la-famille-saurin","13":"first","14":"instock","15":"downloadable","16":"virtual","17":"purchasable","18":"product-type-simple"},"_links":{"self":[{"href":"https:\/\/www.boutique.genealogiemagazine.com\/wp-json\/wp\/v2\/product\/918","targetHints":{"allow":["GET"]}}],"collection":[{"href":"https:\/\/www.boutique.genealogiemagazine.com\/wp-json\/wp\/v2\/product"}],"about":[{"href":"https:\/\/www.boutique.genealogiemagazine.com\/wp-json\/wp\/v2\/types\/product"}],"replies":[{"embeddable":true,"href":"https:\/\/www.boutique.genealogiemagazine.com\/wp-json\/wp\/v2\/comments?post=918"}],"wp:featuredmedia":[{"embeddable":true,"href":"https:\/\/www.boutique.genealogiemagazine.com\/wp-json\/wp\/v2\/media\/778"}],"wp:attachment":[{"href":"https:\/\/www.boutique.genealogiemagazine.com\/wp-json\/wp\/v2\/media?parent=918"}],"wp:term":[{"taxonomy":"product_brand","embeddable":true,"href":"https:\/\/www.boutique.genealogiemagazine.com\/wp-json\/wp\/v2\/product_brand?post=918"},{"taxonomy":"product_cat","embeddable":true,"href":"https:\/\/www.boutique.genealogiemagazine.com\/wp-json\/wp\/v2\/product_cat?post=918"},{"taxonomy":"product_tag","embeddable":true,"href":"https:\/\/www.boutique.genealogiemagazine.com\/wp-json\/wp\/v2\/product_tag?post=918"}],"curies":[{"name":"wp","href":"https:\/\/api.w.org\/{rel}","templated":true}]}}

Généalogie Magazine n° 365-366

<p>Actualités<br />
Associations<br />
Entraide et abonnement<br />
Dossier<br />
450 sites pour votre généalogie<br />
par Gilles Prévost<br />
Histoire<br />
Le crâne du chevalier Bayard<br />
par Jean Christophe<br />
Parisot de Bayard<br />
Personnalités<br />
Edouard Philippe<br />
par Luc Antonini<br />
Hommage Personnalités<br />
France Gall<br />
Danielle Darieux<br />
par Luc Antonini<br />
Saga<br />
La famille Saurin<br />
par Luc Antonini<br />
Métiers<br />
Les scieurs de long<br />
par Patrick Vigneron<br />
Les Professionnels</p><div id="anniv-4253042945" class="anniv-contenu anniv-entity-placement"><script async src="//pagead2.googlesyndication.com/pagead/js/adsbygoogle.js?client=ca-pub-8639961027790050" crossorigin="anonymous"></script><ins class="adsbygoogle" style="display:block;" data-ad-client="ca-pub-8639961027790050" 
data-ad-slot="5451536801" 
data-ad-format="auto"></ins>
<script> 
(adsbygoogle = window.adsbygoogle || []).push({}); 
</script>
</div>
<p>&nbsp;</p>
<div id="anniv-2338773364" class="anniv-apres anniv-entity-placement"><script async src="//pagead2.googlesyndication.com/pagead/js/adsbygoogle.js?client=ca-pub-8639961027790050" crossorigin="anonymous"></script><ins class="adsbygoogle" style="display:block;" data-ad-client="ca-pub-8639961027790050" 
data-ad-slot="5451536801" 
data-ad-format="auto"></ins>
<script> 
(adsbygoogle = window.adsbygoogle || []).push({}); 
</script>
</div>

<p>Dossier 450 sites pour votre généalogie, généalogies d&rsquo;Edouard Philippe, France Gall et de Danielle Darieux, Saga La famille Saurin, etc..</p>
