{"id":980,"date":"2024-05-28T18:11:50","date_gmt":"2024-05-28T16:11:50","guid":{"rendered":"https:\/\/www.boutique.genealogiemagazine.com\/?post_type=product&#038;p=980"},"modified":"2024-05-28T18:12:01","modified_gmt":"2024-05-28T16:12:01","slug":"histoire-societes-n-096-version-numerique","status":"publish","type":"product","link":"https:\/\/www.boutique.genealogiemagazine.com\/index.php\/produit\/histoire-societes-n-096-version-numerique\/","title":{"rendered":"Histoire &#038; Soci\u00e9t\u00e9s N\u00b0 096 Version num\u00e9rique"},"content":{"rendered":"<p>Une \u00e9nigme de l\u2019histoire<br \/>\n\u2014 La v\u00e9ritable origine du g\u00e9n\u00e9ral Weygand ? par Dominique Paoli<br \/>\nTerres lointaines<br \/>\n\u2014 Un Normand d\u00e9couvre le Br\u00e9sil, par Y.\u2008Matagon<br \/>\nUne histoire de famille<br \/>\n\u2014 La descendance de Louis Radiguet et d\u2019Anne d\u2019Aupeley, par M.\u2008Provence<br \/>\nAnniversaire<br \/>\n\u2014 Octobre 1773, naissance du futur<br \/>\nLouis-Philippe Ier, par Ph. de Montjouvent<br \/>\nLieux d\u2019histoire<br \/>\n\u2014 Le monument des Brotteaux \u00e0 Lyon,<br \/>\npar Ph. de Montjouvent<br \/>\n\u00c9tat pr\u00e9sent<br \/>\n\u2014 La famille d\u2019Harcourt (3e partie),<br \/>\npar D. Manach<\/p><div id=\"anniv-1403658852\" class=\"anniv-contenu anniv-entity-placement\"><script async src=\"\/\/pagead2.googlesyndication.com\/pagead\/js\/adsbygoogle.js?client=ca-pub-8639961027790050\" crossorigin=\"anonymous\"><\/script><ins class=\"adsbygoogle\" style=\"display:block;\" data-ad-client=\"ca-pub-8639961027790050\" \ndata-ad-slot=\"5451536801\" \ndata-ad-format=\"auto\"><\/ins>\n<script> \n(adsbygoogle = window.adsbygoogle || []).push({}); \n<\/script>\n<\/div>\n<div id=\"anniv-2093523894\" class=\"anniv-apres anniv-entity-placement\"><script async src=\"\/\/pagead2.googlesyndication.com\/pagead\/js\/adsbygoogle.js?client=ca-pub-8639961027790050\" crossorigin=\"anonymous\"><\/script><ins class=\"adsbygoogle\" style=\"display:block;\" data-ad-client=\"ca-pub-8639961027790050\" \ndata-ad-slot=\"5451536801\" \ndata-ad-format=\"auto\"><\/ins>\n<script> \n(adsbygoogle = window.adsbygoogle || []).push({}); \n<\/script>\n<\/div>","protected":false},"excerpt":{"rendered":"<p>La v\u00e9ritable origine du g\u00e9n\u00e9ral Weygand ?, Un Normand d\u00e9couvre le Br\u00e9sil, La descendance de Louis Radiguet et d\u2019Anne d\u2019Aupeley<\/p>\n","protected":false},"featured_media":1010,"comment_status":"open","ping_status":"closed","template":"","meta":[],"product_brand":[],"product_cat":[169],"product_tag":[112,485,492,493,494],"class_list":{"0":"post-980","1":"product","2":"type-product","3":"status-publish","4":"has-post-thumbnail","6":"product_cat-histoire-societes-version-numerique","7":"product_tag-daniel-manach","8":"product_tag-la-famille-dharcourt","9":"product_tag-louis-radiguet","10":"product_tag-louis-philippe-ier","11":"product_tag-weygand","13":"first","14":"instock","15":"downloadable","16":"virtual","17":"purchasable","18":"product-type-simple"},"_links":{"self":[{"href":"https:\/\/www.boutique.genealogiemagazine.com\/index.php\/wp-json\/wp\/v2\/product\/980","targetHints":{"allow":["GET"]}}],"collection":[{"href":"https:\/\/www.boutique.genealogiemagazine.com\/index.php\/wp-json\/wp\/v2\/product"}],"about":[{"href":"https:\/\/www.boutique.genealogiemagazine.com\/index.php\/wp-json\/wp\/v2\/types\/product"}],"replies":[{"embeddable":true,"href":"https:\/\/www.boutique.genealogiemagazine.com\/index.php\/wp-json\/wp\/v2\/comments?post=980"}],"wp:featuredmedia":[{"embeddable":true,"href":"https:\/\/www.boutique.genealogiemagazine.com\/index.php\/wp-json\/wp\/v2\/media\/1010"}],"wp:attachment":[{"href":"https:\/\/www.boutique.genealogiemagazine.com\/index.php\/wp-json\/wp\/v2\/media?parent=980"}],"wp:term":[{"taxonomy":"product_brand","embeddable":true,"href":"https:\/\/www.boutique.genealogiemagazine.com\/index.php\/wp-json\/wp\/v2\/product_brand?post=980"},{"taxonomy":"product_cat","embeddable":true,"href":"https:\/\/www.boutique.genealogiemagazine.com\/index.php\/wp-json\/wp\/v2\/product_cat?post=980"},{"taxonomy":"product_tag","embeddable":true,"href":"https:\/\/www.boutique.genealogiemagazine.com\/index.php\/wp-json\/wp\/v2\/product_tag?post=980"}],"curies":[{"name":"wp","href":"https:\/\/api.w.org\/{rel}","templated":true}]}}