{"id":990,"date":"2024-05-28T18:11:50","date_gmt":"2024-05-28T16:11:50","guid":{"rendered":"https:\/\/www.boutique.genealogiemagazine.com\/?post_type=product&#038;p=990"},"modified":"2024-05-28T18:12:09","modified_gmt":"2024-05-28T16:12:09","slug":"annales-de-genealogie-et-dheraldique-n-8-version-numerique","status":"publish","type":"product","link":"https:\/\/www.boutique.genealogiemagazine.com\/produit\/annales-de-genealogie-et-dheraldique-n-8-version-numerique\/","title":{"rendered":"Annales de G\u00e9n\u00e9alogie et d&rsquo;H\u00e9raldique N\u00b0 8 &#8211; Version num\u00e9rique"},"content":{"rendered":"<p>Les pr\u00e9noms au XIXe si\u00e8cle. L&rsquo;armorial Lalaing. Hermann-Maurice comte de Saxe et sa descendance. Sources g\u00e9n\u00e9alogiques : \u00e0 la fronti\u00e8re de l&rsquo;histoire familiale et de l&rsquo;histoire sociale, l&rsquo;enregistrement. \u00c9tat pr\u00e9sent des maisons souveraines : Yougoslavie<\/p><div id=\"anniv-2194000170\" class=\"anniv-contenu anniv-entity-placement\"><script async src=\"\/\/pagead2.googlesyndication.com\/pagead\/js\/adsbygoogle.js?client=ca-pub-8639961027790050\" crossorigin=\"anonymous\"><\/script><ins class=\"adsbygoogle\" style=\"display:block;\" data-ad-client=\"ca-pub-8639961027790050\" \ndata-ad-slot=\"5451536801\" \ndata-ad-format=\"auto\"><\/ins>\n<script> \n(adsbygoogle = window.adsbygoogle || []).push({}); \n<\/script>\n<\/div>\n<div id=\"anniv-1640774982\" class=\"anniv-apres anniv-entity-placement\"><script async src=\"\/\/pagead2.googlesyndication.com\/pagead\/js\/adsbygoogle.js?client=ca-pub-8639961027790050\" crossorigin=\"anonymous\"><\/script><ins class=\"adsbygoogle\" style=\"display:block;\" data-ad-client=\"ca-pub-8639961027790050\" \ndata-ad-slot=\"5451536801\" \ndata-ad-format=\"auto\"><\/ins>\n<script> \n(adsbygoogle = window.adsbygoogle || []).push({}); \n<\/script>\n<\/div>","protected":false},"excerpt":{"rendered":"<p>Les pr\u00e9noms au XIXe si\u00e8cle. L&rsquo;armorial Lalaing. Hermann-Maurice comte de Saxe et sa descendance. Sources g\u00e9n\u00e9alogiques : \u00e0 la fronti\u00e8re de l&rsquo;histoire familiale et de l&rsquo;histoire sociale, l&rsquo;enregistrement. \u00c9tat pr\u00e9sent des maisons souveraines : Yougoslavie<\/p>\n","protected":false},"featured_media":1020,"comment_status":"open","ping_status":"closed","template":"","meta":[],"product_brand":[],"product_cat":[169],"product_tag":[],"class_list":{"0":"post-990","1":"product","2":"type-product","3":"status-publish","4":"has-post-thumbnail","6":"product_cat-histoire-societes-version-numerique","8":"first","9":"instock","10":"downloadable","11":"virtual","12":"purchasable","13":"product-type-simple"},"_links":{"self":[{"href":"https:\/\/www.boutique.genealogiemagazine.com\/wp-json\/wp\/v2\/product\/990","targetHints":{"allow":["GET"]}}],"collection":[{"href":"https:\/\/www.boutique.genealogiemagazine.com\/wp-json\/wp\/v2\/product"}],"about":[{"href":"https:\/\/www.boutique.genealogiemagazine.com\/wp-json\/wp\/v2\/types\/product"}],"replies":[{"embeddable":true,"href":"https:\/\/www.boutique.genealogiemagazine.com\/wp-json\/wp\/v2\/comments?post=990"}],"wp:featuredmedia":[{"embeddable":true,"href":"https:\/\/www.boutique.genealogiemagazine.com\/wp-json\/wp\/v2\/media\/1020"}],"wp:attachment":[{"href":"https:\/\/www.boutique.genealogiemagazine.com\/wp-json\/wp\/v2\/media?parent=990"}],"wp:term":[{"taxonomy":"product_brand","embeddable":true,"href":"https:\/\/www.boutique.genealogiemagazine.com\/wp-json\/wp\/v2\/product_brand?post=990"},{"taxonomy":"product_cat","embeddable":true,"href":"https:\/\/www.boutique.genealogiemagazine.com\/wp-json\/wp\/v2\/product_cat?post=990"},{"taxonomy":"product_tag","embeddable":true,"href":"https:\/\/www.boutique.genealogiemagazine.com\/wp-json\/wp\/v2\/product_tag?post=990"}],"curies":[{"name":"wp","href":"https:\/\/api.w.org\/{rel}","templated":true}]}}

Annales de Généalogie et d&rsquo;Héraldique N° 8 &#8211; Version numérique

<p>Les prénoms au XIXe siècle. L&rsquo;armorial Lalaing. Hermann-Maurice comte de Saxe et sa descendance. Sources généalogiques : à la frontière de l&rsquo;histoire familiale et de l&rsquo;histoire sociale, l&rsquo;enregistrement. État présent des maisons souveraines : Yougoslavie</p><div id="anniv-2194000170" class="anniv-contenu anniv-entity-placement"><script async src="//pagead2.googlesyndication.com/pagead/js/adsbygoogle.js?client=ca-pub-8639961027790050" crossorigin="anonymous"></script><ins class="adsbygoogle" style="display:block;" data-ad-client="ca-pub-8639961027790050" 
data-ad-slot="5451536801" 
data-ad-format="auto"></ins>
<script> 
(adsbygoogle = window.adsbygoogle || []).push({}); 
</script>
</div>
<div id="anniv-1640774982" class="anniv-apres anniv-entity-placement"><script async src="//pagead2.googlesyndication.com/pagead/js/adsbygoogle.js?client=ca-pub-8639961027790050" crossorigin="anonymous"></script><ins class="adsbygoogle" style="display:block;" data-ad-client="ca-pub-8639961027790050" 
data-ad-slot="5451536801" 
data-ad-format="auto"></ins>
<script> 
(adsbygoogle = window.adsbygoogle || []).push({}); 
</script>
</div>

<p>Les prénoms au XIXe siècle. L&rsquo;armorial Lalaing. Hermann-Maurice comte de Saxe et sa descendance. Sources généalogiques : à la frontière de l&rsquo;histoire familiale et de l&rsquo;histoire sociale, l&rsquo;enregistrement. État présent des maisons souveraines : Yougoslavie</p>
